{"id":109,"date":"2022-01-04T10:06:46","date_gmt":"2022-01-04T10:06:46","guid":{"rendered":"https:\/\/psyannecy.com\/?page_id=109"},"modified":"2026-02-12T11:51:58","modified_gmt":"2026-02-12T11:51:58","slug":"mon-parcours","status":"publish","type":"page","link":"https:\/\/psyannecy.com\/?page_id=109","title":{"rendered":"Mon parcours"},"content":{"rendered":"<p>[vc_row][vc_column][vc_column_text]<\/p>\r\n<h2><span style=\"color: #d7bfff;\">Formations<\/span><\/h2>\r\n\r\n<p>Gr\u00e2ce \u00e0 5 ann\u00e9es de formation universitaire, r\u00e9parties entre Chamb\u00e9ry, Gatineau au Qu\u00e9bec et Toulouse, j&rsquo;ai obtenu mon Master 2 de <span style=\"color: #48179c;\"><strong>psychologie clinique et psychopathologie<\/strong><\/span>, option psychologie <span style=\"color: #48179c;\"><strong>interculturelle<\/strong><\/span> en 2009.<\/p>\r\n<p>Depuis 2023, je suis dipl\u00f4m\u00e9e de l&rsquo;\u00e9cole <span style=\"color: #48179c;\"><a style=\"color: #48179c;\" href=\"http:\/\/www.iat-lille.com\/\">IAT Lille<\/a><\/span> en <span style=\"color: #48179c;\"><strong>Th\u00e9rapie int\u00e9grative<\/strong>,<\/span> courant <a href=\"https:\/\/www.integrativetherapy.com\/fr\/faculty.php\"><span style=\"color: #48179c;\">Richard Erskine.<\/span><\/a><\/p>\r\n<p>Je suis \u00e9galement dipl\u00f4m\u00e9e de l&rsquo;institut <a href=\"https:\/\/www.institut-double-helice.fr\/\"><span style=\"color: #48179c;\">Double H\u00e9lice<\/span><\/a> en Th\u00e9rapie <span style=\"color: #48179c;\"><a style=\"color: #48179c;\" href=\"https:\/\/www.li-france.com\/presentation-de-li-icv\">LI-ICV<\/a> (<\/span>Lifespan Int\u00e9gration &#8211; Int\u00e9gration du Cycle de la Vie).<\/p>\r\n<p><span style=\"color: #333333;\">Je m&rsquo;informe et me forme r\u00e9guli\u00e8rement pour accompagner les personnes victimes de violences sexuelles et leurs familles.<\/span><\/p>\r\n<h1><\/h1>\r\n<h2><span style=\"color: #d7bfff;\">Exp\u00e9riences professionnelles<\/span><\/h2>\r\n\r\n<p>Depuis l&rsquo;obtention de mon dipl\u00f4me, j&rsquo;ai exerc\u00e9 en tant que psychologue dans des institutions m\u00e9dico-sociales \u00e0 Gu\u00e9ret et Besan\u00e7on, au sein desquelles j\u2019ai accompagn\u00e9 des <span style=\"color: #48179c;\"><strong>enfants et adolescents en situation de handicap moteur et\/ou intellectuel, ainsi que leurs familles<\/strong>.<\/span><\/p>\r\n\r\n<p>J&rsquo;ai \u00e9galement anim\u00e9 des groupes d&rsquo;analyse de pratiques professionnelles \u00e0 l&rsquo;Universit\u00e9 et dans des institutions m\u00e9dico-sociales.<\/p>\r\n\r\n<p>Install\u00e9e en 2021 en cabinet lib\u00e9ral \u00e0 Annecy, mes accompagnements th\u00e9rapeutique se font au plus pr\u00e8s de vos besoins en prenant en compte \u00e0 la fois <span style=\"color: #48179c;\"><strong>l\u2019environnement familial et social, le corps et l\u2019esprit.<\/strong><\/span><\/p>\r\n<h1><\/h1>\r\n<h2><span style=\"color: #d7bfff;\">\u00c9thique et d\u00e9ontologie<\/span><\/h2>\r\n\r\n<p>En tant que psychologue, je respecte le<span style=\"color: #48179c;\"> <a style=\"color: #48179c;\" href=\"https:\/\/psychologues.org\/deontologie-single\/code-deontologie-psychologues\/\">code de d\u00e9ontologie des psychologues<\/a>.<\/span><\/p>\r\n\r\n<p>Je suis supervis\u00e9e de mani\u00e8re r\u00e9guli\u00e8re, ce qui participe \u00e0 assurer la qualit\u00e9 de mon travail.<\/p>\r\n\r\n<p>&nbsp;<\/p>\r\n<p>[\/vc_column_text][\/vc_column][\/vc_row][vc_row][vc_column][vc_custom_heading text=\u00a0\u00bbPsychologue Annecy\u00a0\u00bb font_container=\u00a0\u00bbtag:h1|font_size:12|text_align:center|color:%2348179c\u00a0\u00bb use_theme_fonts=\u00a0\u00bbyes\u00a0\u00bb][\/vc_column][\/vc_row]<\/p>","protected":false},"excerpt":{"rendered":"<p>[vc_row][vc_column][vc_column_text] Formations Gr\u00e2ce \u00e0 5 ann\u00e9es de formation universitaire, r\u00e9parties entre Chamb\u00e9ry, Gatineau au Qu\u00e9bec et Toulouse, j&rsquo;ai obtenu mon Master 2 de psychologie clinique et psychopathologie, option psychologie interculturelle en 2009. Depuis 2023, je suis dipl\u00f4m\u00e9e de l&rsquo;\u00e9cole IAT Lille en Th\u00e9rapie int\u00e9grative, courant Richard Erskine. Je suis \u00e9galement dipl\u00f4m\u00e9e de l&rsquo;institut Double H\u00e9lice&hellip;&nbsp;<a href=\"https:\/\/psyannecy.com\/?page_id=109\" class=\"\" rel=\"bookmark\">Lire la suite &raquo;<span class=\"screen-reader-text\">Mon parcours<\/span><\/a><\/p>\n","protected":false},"author":1,"featured_media":0,"parent":0,"menu_order":0,"comment_status":"closed","ping_status":"closed","template":"","meta":{"neve_meta_sidebar":"","neve_meta_container":"","neve_meta_enable_content_width":"off","neve_meta_content_width":100,"neve_meta_title_alignment":"","neve_meta_author_avatar":"","neve_post_elements_order":"","neve_meta_disable_header":"","neve_meta_disable_footer":"","neve_meta_disable_title":"on","_ti_tpc_template_sync":false,"_ti_tpc_template_id":"","footnotes":""},"class_list":["post-109","page","type-page","status-publish","hentry"],"yoast_head":"<!-- This site is optimized with the Yoast SEO plugin v26.8 - https:\/\/yoast.com\/product\/yoast-seo-wordpress\/ -->\n<title>Mon parcours - Psychologue Annecy<\/title>\n<meta name=\"description\" content=\"Psychologue- Psychoth\u00e9rapeute \u00e0 Annecy. Je vous accompagne en th\u00e9rapie int\u00e9grative et LI-ICV, en fonction de vos besoins.\" \/>\n<meta name=\"robots\" content=\"index, follow, max-snippet:-1, max-image-preview:large, max-video-preview:-1\" \/>\n<link rel=\"canonical\" href=\"https:\/\/psyannecy.com\/?page_id=109\" \/>\n<meta property=\"og:locale\" content=\"fr_FR\" \/>\n<meta property=\"og:type\" content=\"article\" \/>\n<meta property=\"og:title\" content=\"Mon parcours - Psychologue Annecy\" \/>\n<meta property=\"og:description\" content=\"Psychologue- Psychoth\u00e9rapeute \u00e0 Annecy. Je vous accompagne en th\u00e9rapie int\u00e9grative et LI-ICV, en fonction de vos besoins.\" \/>\n<meta property=\"og:url\" content=\"https:\/\/psyannecy.com\/?page_id=109\" \/>\n<meta property=\"og:site_name\" content=\"Psychologue Annecy\" \/>\n<meta property=\"article:modified_time\" content=\"2026-02-12T11:51:58+00:00\" \/>\n<meta name=\"twitter:card\" content=\"summary_large_image\" \/>\n<meta name=\"twitter:label1\" content=\"Dur\u00e9e de lecture estim\u00e9e\" \/>\n\t<meta name=\"twitter:data1\" content=\"2 minutes\" \/>\n<script type=\"application\/ld+json\" class=\"yoast-schema-graph\">{\"@context\":\"https:\/\/schema.org\",\"@graph\":[{\"@type\":\"WebPage\",\"@id\":\"https:\/\/psyannecy.com\/?page_id=109\",\"url\":\"https:\/\/psyannecy.com\/?page_id=109\",\"name\":\"Mon parcours - Psychologue Annecy\",\"isPartOf\":{\"@id\":\"https:\/\/psyannecy.com\/#website\"},\"datePublished\":\"2022-01-04T10:06:46+00:00\",\"dateModified\":\"2026-02-12T11:51:58+00:00\",\"description\":\"Psychologue- Psychoth\u00e9rapeute \u00e0 Annecy. Je vous accompagne en th\u00e9rapie int\u00e9grative et LI-ICV, en fonction de vos besoins.\",\"breadcrumb\":{\"@id\":\"https:\/\/psyannecy.com\/?page_id=109#breadcrumb\"},\"inLanguage\":\"fr-FR\",\"potentialAction\":[{\"@type\":\"ReadAction\",\"target\":[\"https:\/\/psyannecy.com\/?page_id=109\"]}]},{\"@type\":\"BreadcrumbList\",\"@id\":\"https:\/\/psyannecy.com\/?page_id=109#breadcrumb\",\"itemListElement\":[{\"@type\":\"ListItem\",\"position\":1,\"name\":\"Accueil\",\"item\":\"https:\/\/psyannecy.com\/\"},{\"@type\":\"ListItem\",\"position\":2,\"name\":\"Mon parcours\"}]},{\"@type\":\"WebSite\",\"@id\":\"https:\/\/psyannecy.com\/#website\",\"url\":\"https:\/\/psyannecy.com\/\",\"name\":\"Psychologue Annecy\",\"description\":\"\",\"potentialAction\":[{\"@type\":\"SearchAction\",\"target\":{\"@type\":\"EntryPoint\",\"urlTemplate\":\"https:\/\/psyannecy.com\/?s={search_term_string}\"},\"query-input\":{\"@type\":\"PropertyValueSpecification\",\"valueRequired\":true,\"valueName\":\"search_term_string\"}}],\"inLanguage\":\"fr-FR\"}]}<\/script>\n<!-- \/ Yoast SEO plugin. -->","yoast_head_json":{"title":"Mon parcours - Psychologue Annecy","description":"Psychologue- Psychoth\u00e9rapeute \u00e0 Annecy. Je vous accompagne en th\u00e9rapie int\u00e9grative et LI-ICV, en fonction de vos besoins.","robots":{"index":"index","follow":"follow","max-snippet":"max-snippet:-1","max-image-preview":"max-image-preview:large","max-video-preview":"max-video-preview:-1"},"canonical":"https:\/\/psyannecy.com\/?page_id=109","og_locale":"fr_FR","og_type":"article","og_title":"Mon parcours - Psychologue Annecy","og_description":"Psychologue- Psychoth\u00e9rapeute \u00e0 Annecy. Je vous accompagne en th\u00e9rapie int\u00e9grative et LI-ICV, en fonction de vos besoins.","og_url":"https:\/\/psyannecy.com\/?page_id=109","og_site_name":"Psychologue Annecy","article_modified_time":"2026-02-12T11:51:58+00:00","twitter_card":"summary_large_image","twitter_misc":{"Dur\u00e9e de lecture estim\u00e9e":"2 minutes"},"schema":{"@context":"https:\/\/schema.org","@graph":[{"@type":"WebPage","@id":"https:\/\/psyannecy.com\/?page_id=109","url":"https:\/\/psyannecy.com\/?page_id=109","name":"Mon parcours - Psychologue Annecy","isPartOf":{"@id":"https:\/\/psyannecy.com\/#website"},"datePublished":"2022-01-04T10:06:46+00:00","dateModified":"2026-02-12T11:51:58+00:00","description":"Psychologue- Psychoth\u00e9rapeute \u00e0 Annecy. Je vous accompagne en th\u00e9rapie int\u00e9grative et LI-ICV, en fonction de vos besoins.","breadcrumb":{"@id":"https:\/\/psyannecy.com\/?page_id=109#breadcrumb"},"inLanguage":"fr-FR","potentialAction":[{"@type":"ReadAction","target":["https:\/\/psyannecy.com\/?page_id=109"]}]},{"@type":"BreadcrumbList","@id":"https:\/\/psyannecy.com\/?page_id=109#breadcrumb","itemListElement":[{"@type":"ListItem","position":1,"name":"Accueil","item":"https:\/\/psyannecy.com\/"},{"@type":"ListItem","position":2,"name":"Mon parcours"}]},{"@type":"WebSite","@id":"https:\/\/psyannecy.com\/#website","url":"https:\/\/psyannecy.com\/","name":"Psychologue Annecy","description":"","potentialAction":[{"@type":"SearchAction","target":{"@type":"EntryPoint","urlTemplate":"https:\/\/psyannecy.com\/?s={search_term_string}"},"query-input":{"@type":"PropertyValueSpecification","valueRequired":true,"valueName":"search_term_string"}}],"inLanguage":"fr-FR"}]}},"_links":{"self":[{"href":"https:\/\/psyannecy.com\/index.php?rest_route=\/wp\/v2\/pages\/109","targetHints":{"allow":["GET"]}}],"collection":[{"href":"https:\/\/psyannecy.com\/index.php?rest_route=\/wp\/v2\/pages"}],"about":[{"href":"https:\/\/psyannecy.com\/index.php?rest_route=\/wp\/v2\/types\/page"}],"author":[{"embeddable":true,"href":"https:\/\/psyannecy.com\/index.php?rest_route=\/wp\/v2\/users\/1"}],"replies":[{"embeddable":true,"href":"https:\/\/psyannecy.com\/index.php?rest_route=%2Fwp%2Fv2%2Fcomments&post=109"}],"version-history":[{"count":22,"href":"https:\/\/psyannecy.com\/index.php?rest_route=\/wp\/v2\/pages\/109\/revisions"}],"predecessor-version":[{"id":294,"href":"https:\/\/psyannecy.com\/index.php?rest_route=\/wp\/v2\/pages\/109\/revisions\/294"}],"wp:attachment":[{"href":"https:\/\/psyannecy.com\/index.php?rest_route=%2Fwp%2Fv2%2Fmedia&parent=109"}],"curies":[{"name":"wp","href":"https:\/\/api.w.org\/{rel}","templated":true}]}}

<p>[vc_row][vc_column][vc_column_text]</p>
<h2><span style="color: #d7bfff;">Formations</span></h2>

<p>Grâce à 5 années de formation universitaire, réparties entre Chambéry, Gatineau au Québec et Toulouse, j&rsquo;ai obtenu mon Master 2 de <span style="color: #48179c;"><strong>psychologie clinique et psychopathologie</strong></span>, option psychologie <span style="color: #48179c;"><strong>interculturelle</strong></span> en 2009.</p>
<p>Depuis 2023, je suis diplômée de l&rsquo;école <span style="color: #48179c;"><a style="color: #48179c;" href="http://www.iat-lille.com/">IAT Lille</a></span> en <span style="color: #48179c;"><strong>Thérapie intégrative</strong>,</span> courant <a href="https://www.integrativetherapy.com/fr/faculty.php"><span style="color: #48179c;">Richard Erskine.</span></a></p>
<p>Je suis également diplômée de l&rsquo;institut <a href="https://www.institut-double-helice.fr/"><span style="color: #48179c;">Double Hélice</span></a> en Thérapie <span style="color: #48179c;"><a style="color: #48179c;" href="https://www.li-france.com/presentation-de-li-icv">LI-ICV</a> (</span>Lifespan Intégration &#8211; Intégration du Cycle de la Vie).</p>
<p><span style="color: #333333;">Je m&rsquo;informe et me forme régulièrement pour accompagner les personnes victimes de violences sexuelles et leurs familles.</span></p>
<h1></h1>
<h2><span style="color: #d7bfff;">Expériences professionnelles</span></h2>

<p>Depuis l&rsquo;obtention de mon diplôme, j&rsquo;ai exercé en tant que psychologue dans des institutions médico-sociales à Guéret et Besançon, au sein desquelles j’ai accompagné des <span style="color: #48179c;"><strong>enfants et adolescents en situation de handicap moteur et/ou intellectuel, ainsi que leurs familles</strong>.</span></p>

<p>J&rsquo;ai également animé des groupes d&rsquo;analyse de pratiques professionnelles à l&rsquo;Université et dans des institutions médico-sociales.</p>

<p>Installée en 2021 en cabinet libéral à Annecy, mes accompagnements thérapeutique se font au plus près de vos besoins en prenant en compte à la fois <span style="color: #48179c;"><strong>l’environnement familial et social, le corps et l’esprit.</strong></span></p>
<h1></h1>
<h2><span style="color: #d7bfff;">Éthique et déontologie</span></h2>

<p>En tant que psychologue, je respecte le<span style="color: #48179c;"> <a style="color: #48179c;" href="https://psychologues.org/deontologie-single/code-deontologie-psychologues/">code de déontologie des psychologues</a>.</span></p>

<p>Je suis supervisée de manière régulière, ce qui participe à assurer la qualité de mon travail.</p>

<p>&nbsp;</p>
<p>[/vc_column_text][/vc_column][/vc_row][vc_row][vc_column][vc_custom_heading text= »Psychologue Annecy » font_container= »tag:h1|font_size:12|text_align:center|color:%2348179c » use_theme_fonts= »yes »][/vc_column][/vc_row]</p>

<p>[vc_row][vc_column][vc_column_text] Formations Grâce à 5 années de formation universitaire, réparties entre Chambéry, Gatineau au Québec et Toulouse, j&rsquo;ai obtenu mon Master 2 de psychologie clinique et psychopathologie, option psychologie interculturelle en 2009. Depuis 2023, je suis diplômée de l&rsquo;école IAT Lille en Thérapie intégrative, courant Richard Erskine. Je suis également diplômée de l&rsquo;institut Double Hélice&hellip;&nbsp;<a href="https://psyannecy.com/?page_id=109" class="" rel="bookmark">Lire la suite &raquo;<span class="screen-reader-text">Mon parcours</span></a></p>

<!-- This site is optimized with the Yoast SEO plugin v26.8 - https://yoast.com/product/yoast-seo-wordpress/ -->
<title>Mon parcours - Psychologue Annecy</title>
<meta name="description" content="Psychologue- Psychothérapeute à Annecy. Je vous accompagne en thérapie intégrative et LI-ICV, en fonction de vos besoins." />
<meta name="robots" content="index, follow, max-snippet:-1, max-image-preview:large, max-video-preview:-1" />
<link rel="canonical" href="https://psyannecy.com/?page_id=109" />
<meta property="og:locale" content="fr_FR" />
<meta property="og:type" content="article" />
<meta property="og:title" content="Mon parcours - Psychologue Annecy" />
<meta property="og:description" content="Psychologue- Psychothérapeute à Annecy. Je vous accompagne en thérapie intégrative et LI-ICV, en fonction de vos besoins." />
<meta property="og:url" content="https://psyannecy.com/?page_id=109" />
<meta property="og:site_name" content="Psychologue Annecy" />
<meta property="article:modified_time" content="2026-02-12T11:51:58+00:00" />
<meta name="twitter:card" content="summary_large_image" />
<meta name="twitter:label1" content="Durée de lecture estimée" />
	<meta name="twitter:data1" content="2 minutes" />
<script type="application/ld+json" class="yoast-schema-graph">{"@context":"https://schema.org","@graph":[{"@type":"WebPage","@id":"https://psyannecy.com/?page_id=109","url":"https://psyannecy.com/?page_id=109","name":"Mon parcours - Psychologue Annecy","isPartOf":{"@id":"https://psyannecy.com/#website"},"datePublished":"2022-01-04T10:06:46+00:00","dateModified":"2026-02-12T11:51:58+00:00","description":"Psychologue- Psychothérapeute à Annecy. Je vous accompagne en thérapie intégrative et LI-ICV, en fonction de vos besoins.","breadcrumb":{"@id":"https://psyannecy.com/?page_id=109#breadcrumb"},"inLanguage":"fr-FR","potentialAction":[{"@type":"ReadAction","target":["https://psyannecy.com/?page_id=109"]}]},{"@type":"BreadcrumbList","@id":"https://psyannecy.com/?page_id=109#breadcrumb","itemListElement":[{"@type":"ListItem","position":1,"name":"Accueil","item":"https://psyannecy.com/"},{"@type":"ListItem","position":2,"name":"Mon parcours"}]},{"@type":"WebSite","@id":"https://psyannecy.com/#website","url":"https://psyannecy.com/","name":"Psychologue Annecy","description":"","potentialAction":[{"@type":"SearchAction","target":{"@type":"EntryPoint","urlTemplate":"https://psyannecy.com/?s={search_term_string}"},"query-input":{"@type":"PropertyValueSpecification","valueRequired":true,"valueName":"search_term_string"}}],"inLanguage":"fr-FR"}]}</script>
<!-- / Yoast SEO plugin. -->

Psychologue- Psychothérapeute à Annecy. Je vous accompagne en thérapie intégrative et LI-ICV, en fonction de vos besoins.
