{"id":47,"date":"2021-10-26T11:05:14","date_gmt":"2021-10-26T11:05:14","guid":{"rendered":"https:\/\/psyannecy.com\/?page_id=47"},"modified":"2026-01-04T08:10:34","modified_gmt":"2026-01-04T08:10:34","slug":"tarifs","status":"publish","type":"page","link":"https:\/\/psyannecy.com\/?page_id=47","title":{"rendered":"Tarifs et modes de r\u00e8glement"},"content":{"rendered":"<p>[vc_row][vc_column][vc_column_text]<\/p>\r\n<h2><span style=\"color: #d7bfff;\">Tarifs et modes de r\u00e8glement<\/span><\/h2>\r\n<p><span style=\"color: #48179c;\"><strong>La s\u00e9ance dure 50 minutes et co\u00fbte 75\u20ac.<\/strong><\/span><\/p>\r\n<p>\r\n\r\nLe r\u00e8glement se fait par ch\u00e8que, esp\u00e8ces ou virement bancaire. Je n&rsquo;accepte pas la carte bancaire.<\/p>\r\n<p><span style=\"color: #000000;\">Je ne suis <strong><span style=\"color: #48179c;\">pas <\/span><\/strong>conventionn\u00e9e pour les remboursements par l&rsquo;assurance maladie.<\/span><\/p>\r\n<p>Les s\u00e9ances peuvent \u00eatre prises en charge, en partie, par certaines mutuelles. Je dispose d&rsquo;un num\u00e9ro ADELI et peux vous fournir une facture sur demande.<\/p>\r\n<p>En p\u00e9riode de difficult\u00e9s financi\u00e8res, le tarif est n\u00e9gociable.<\/p>\r\n<p><span style=\"color: #48179c;\"><strong>En cas d&rsquo;absence, merci de penser \u00e0 annuler votre rendez-vous,<\/strong><\/span> vous lib\u00e9rez ainsi une place pour quelqu\u2019un d\u2019autre et r\u00e9duisez les d\u00e9lais d\u2019attente. Sauf cas de force majeure, une s\u00e9ance non d\u00e9command\u00e9e au moins 48 heures \u00e0 l\u2019avance vous sera factur\u00e9e.<\/p>\r\n<p>\u00a0<\/p>\r\n<p>\u00a0<\/p>\r\n<p>[\/vc_column_text][\/vc_column][\/vc_row][vc_row][vc_column][vc_single_image image=\u00a0\u00bb271&Prime; img_size=\u00a0\u00bbmedium\u00a0\u00bb alignment=\u00a0\u00bbcenter\u00a0\u00bb style=\u00a0\u00bbvc_box_circle_2&Prime;][vc_custom_heading text=\u00a0\u00bbPsychologue Annecy\u00a0\u00bb font_container=\u00a0\u00bbtag:h1|font_size:12|text_align:center|color:%2348179c\u00a0\u00bb use_theme_fonts=\u00a0\u00bbyes\u00a0\u00bb][\/vc_column][\/vc_row]<\/p>","protected":false},"excerpt":{"rendered":"<p>[vc_row][vc_column][vc_column_text] Tarifs et modes de r\u00e8glement La s\u00e9ance dure 50 minutes et co\u00fbte 75\u20ac. \u00a0 [\/vc_column_text][\/vc_column][\/vc_row][vc_row][vc_column][vc_single_image image=\u00a0\u00bb271&Prime; img_size=\u00a0\u00bbmedium\u00a0\u00bb alignment=\u00a0\u00bbcenter\u00a0\u00bb style=\u00a0\u00bbvc_box_circle_2&Prime;][vc_custom_heading text=\u00a0\u00bbPsychologue Annecy\u00a0\u00bb font_container=\u00a0\u00bbtag:h1|font_size:12|text_align:center|color:%2348179c\u00a0\u00bb use_theme_fonts=\u00a0\u00bbyes\u00a0\u00bb][\/vc_column][\/vc_row]<\/p>\n","protected":false},"author":1,"featured_media":0,"parent":0,"menu_order":0,"comment_status":"closed","ping_status":"closed","template":"","meta":{"neve_meta_sidebar":"","neve_meta_container":"","neve_meta_enable_content_width":"off","neve_meta_content_width":100,"neve_meta_title_alignment":"","neve_meta_author_avatar":"","neve_post_elements_order":"","neve_meta_disable_header":"","neve_meta_disable_footer":"","neve_meta_disable_title":"on","_ti_tpc_template_sync":false,"_ti_tpc_template_id":"","footnotes":""},"class_list":["post-47","page","type-page","status-publish","hentry"],"yoast_head":"<!-- This site is optimized with the Yoast SEO plugin v26.8 - https:\/\/yoast.com\/product\/yoast-seo-wordpress\/ -->\n<title>Tarifs et modes de r\u00e8glement - Psychologue Annecy<\/title>\n<meta name=\"robots\" content=\"index, follow, max-snippet:-1, max-image-preview:large, max-video-preview:-1\" \/>\n<link rel=\"canonical\" href=\"https:\/\/psyannecy.com\/?page_id=47\" \/>\n<meta property=\"og:locale\" content=\"fr_FR\" \/>\n<meta property=\"og:type\" content=\"article\" \/>\n<meta property=\"og:title\" content=\"Tarifs et modes de r\u00e8glement - Psychologue Annecy\" \/>\n<meta property=\"og:description\" content=\"[vc_row][vc_column][vc_column_text] Tarifs et modes de r\u00e8glement La s\u00e9ance dure 50 minutes et co\u00fbte 75\u20ac. \u00a0 [\/vc_column_text][\/vc_column][\/vc_row][vc_row][vc_column][vc_single_image image=\u00a0\u00bb271&Prime; img_size=\u00a0\u00bbmedium\u00a0\u00bb alignment=\u00a0\u00bbcenter\u00a0\u00bb style=\u00a0\u00bbvc_box_circle_2&Prime;][vc_custom_heading text=\u00a0\u00bbPsychologue Annecy\u00a0\u00bb font_container=\u00a0\u00bbtag:h1|font_size:12|text_align:center|color:%2348179c\u00a0\u00bb use_theme_fonts=\u00a0\u00bbyes\u00a0\u00bb][\/vc_column][\/vc_row]\" \/>\n<meta property=\"og:url\" content=\"https:\/\/psyannecy.com\/?page_id=47\" \/>\n<meta property=\"og:site_name\" content=\"Psychologue Annecy\" \/>\n<meta property=\"article:modified_time\" content=\"2026-01-04T08:10:34+00:00\" \/>\n<meta name=\"twitter:card\" content=\"summary_large_image\" \/>\n<meta name=\"twitter:label1\" content=\"Dur\u00e9e de lecture estim\u00e9e\" \/>\n\t<meta name=\"twitter:data1\" content=\"1 minute\" \/>\n<script type=\"application\/ld+json\" class=\"yoast-schema-graph\">{\"@context\":\"https:\/\/schema.org\",\"@graph\":[{\"@type\":\"WebPage\",\"@id\":\"https:\/\/psyannecy.com\/?page_id=47\",\"url\":\"https:\/\/psyannecy.com\/?page_id=47\",\"name\":\"Tarifs et modes de r\u00e8glement - Psychologue Annecy\",\"isPartOf\":{\"@id\":\"https:\/\/psyannecy.com\/#website\"},\"datePublished\":\"2021-10-26T11:05:14+00:00\",\"dateModified\":\"2026-01-04T08:10:34+00:00\",\"breadcrumb\":{\"@id\":\"https:\/\/psyannecy.com\/?page_id=47#breadcrumb\"},\"inLanguage\":\"fr-FR\",\"potentialAction\":[{\"@type\":\"ReadAction\",\"target\":[\"https:\/\/psyannecy.com\/?page_id=47\"]}]},{\"@type\":\"BreadcrumbList\",\"@id\":\"https:\/\/psyannecy.com\/?page_id=47#breadcrumb\",\"itemListElement\":[{\"@type\":\"ListItem\",\"position\":1,\"name\":\"Accueil\",\"item\":\"https:\/\/psyannecy.com\/\"},{\"@type\":\"ListItem\",\"position\":2,\"name\":\"Tarifs et modes de r\u00e8glement\"}]},{\"@type\":\"WebSite\",\"@id\":\"https:\/\/psyannecy.com\/#website\",\"url\":\"https:\/\/psyannecy.com\/\",\"name\":\"Psychologue Annecy\",\"description\":\"\",\"potentialAction\":[{\"@type\":\"SearchAction\",\"target\":{\"@type\":\"EntryPoint\",\"urlTemplate\":\"https:\/\/psyannecy.com\/?s={search_term_string}\"},\"query-input\":{\"@type\":\"PropertyValueSpecification\",\"valueRequired\":true,\"valueName\":\"search_term_string\"}}],\"inLanguage\":\"fr-FR\"}]}<\/script>\n<!-- \/ Yoast SEO plugin. -->","yoast_head_json":{"title":"Tarifs et modes de r\u00e8glement - Psychologue Annecy","robots":{"index":"index","follow":"follow","max-snippet":"max-snippet:-1","max-image-preview":"max-image-preview:large","max-video-preview":"max-video-preview:-1"},"canonical":"https:\/\/psyannecy.com\/?page_id=47","og_locale":"fr_FR","og_type":"article","og_title":"Tarifs et modes de r\u00e8glement - Psychologue Annecy","og_description":"[vc_row][vc_column][vc_column_text] Tarifs et modes de r\u00e8glement La s\u00e9ance dure 50 minutes et co\u00fbte 75\u20ac. \u00a0 [\/vc_column_text][\/vc_column][\/vc_row][vc_row][vc_column][vc_single_image image=\u00a0\u00bb271&Prime; img_size=\u00a0\u00bbmedium\u00a0\u00bb alignment=\u00a0\u00bbcenter\u00a0\u00bb style=\u00a0\u00bbvc_box_circle_2&Prime;][vc_custom_heading text=\u00a0\u00bbPsychologue Annecy\u00a0\u00bb font_container=\u00a0\u00bbtag:h1|font_size:12|text_align:center|color:%2348179c\u00a0\u00bb use_theme_fonts=\u00a0\u00bbyes\u00a0\u00bb][\/vc_column][\/vc_row]","og_url":"https:\/\/psyannecy.com\/?page_id=47","og_site_name":"Psychologue Annecy","article_modified_time":"2026-01-04T08:10:34+00:00","twitter_card":"summary_large_image","twitter_misc":{"Dur\u00e9e de lecture estim\u00e9e":"1 minute"},"schema":{"@context":"https:\/\/schema.org","@graph":[{"@type":"WebPage","@id":"https:\/\/psyannecy.com\/?page_id=47","url":"https:\/\/psyannecy.com\/?page_id=47","name":"Tarifs et modes de r\u00e8glement - Psychologue Annecy","isPartOf":{"@id":"https:\/\/psyannecy.com\/#website"},"datePublished":"2021-10-26T11:05:14+00:00","dateModified":"2026-01-04T08:10:34+00:00","breadcrumb":{"@id":"https:\/\/psyannecy.com\/?page_id=47#breadcrumb"},"inLanguage":"fr-FR","potentialAction":[{"@type":"ReadAction","target":["https:\/\/psyannecy.com\/?page_id=47"]}]},{"@type":"BreadcrumbList","@id":"https:\/\/psyannecy.com\/?page_id=47#breadcrumb","itemListElement":[{"@type":"ListItem","position":1,"name":"Accueil","item":"https:\/\/psyannecy.com\/"},{"@type":"ListItem","position":2,"name":"Tarifs et modes de r\u00e8glement"}]},{"@type":"WebSite","@id":"https:\/\/psyannecy.com\/#website","url":"https:\/\/psyannecy.com\/","name":"Psychologue Annecy","description":"","potentialAction":[{"@type":"SearchAction","target":{"@type":"EntryPoint","urlTemplate":"https:\/\/psyannecy.com\/?s={search_term_string}"},"query-input":{"@type":"PropertyValueSpecification","valueRequired":true,"valueName":"search_term_string"}}],"inLanguage":"fr-FR"}]}},"_links":{"self":[{"href":"https:\/\/psyannecy.com\/index.php?rest_route=\/wp\/v2\/pages\/47","targetHints":{"allow":["GET"]}}],"collection":[{"href":"https:\/\/psyannecy.com\/index.php?rest_route=\/wp\/v2\/pages"}],"about":[{"href":"https:\/\/psyannecy.com\/index.php?rest_route=\/wp\/v2\/types\/page"}],"author":[{"embeddable":true,"href":"https:\/\/psyannecy.com\/index.php?rest_route=\/wp\/v2\/users\/1"}],"replies":[{"embeddable":true,"href":"https:\/\/psyannecy.com\/index.php?rest_route=%2Fwp%2Fv2%2Fcomments&post=47"}],"version-history":[{"count":17,"href":"https:\/\/psyannecy.com\/index.php?rest_route=\/wp\/v2\/pages\/47\/revisions"}],"predecessor-version":[{"id":308,"href":"https:\/\/psyannecy.com\/index.php?rest_route=\/wp\/v2\/pages\/47\/revisions\/308"}],"wp:attachment":[{"href":"https:\/\/psyannecy.com\/index.php?rest_route=%2Fwp%2Fv2%2Fmedia&parent=47"}],"curies":[{"name":"wp","href":"https:\/\/api.w.org\/{rel}","templated":true}]}}

Tarifs et modes de règlement

<p>[vc_row][vc_column][vc_column_text]</p>
<h2><span style="color: #d7bfff;">Tarifs et modes de règlement</span></h2>
<p><span style="color: #48179c;"><strong>La séance dure 50 minutes et coûte 75€.</strong></span></p>
<p>

Le règlement se fait par chèque, espèces ou virement bancaire. Je n&rsquo;accepte pas la carte bancaire.</p>
<p><span style="color: #000000;">Je ne suis <strong><span style="color: #48179c;">pas </span></strong>conventionnée pour les remboursements par l&rsquo;assurance maladie.</span></p>
<p>Les séances peuvent être prises en charge, en partie, par certaines mutuelles. Je dispose d&rsquo;un numéro ADELI et peux vous fournir une facture sur demande.</p>
<p>En période de difficultés financières, le tarif est négociable.</p>
<p><span style="color: #48179c;"><strong>En cas d&rsquo;absence, merci de penser à annuler votre rendez-vous,</strong></span> vous libérez ainsi une place pour quelqu’un d’autre et réduisez les délais d’attente. Sauf cas de force majeure, une séance non décommandée au moins 48 heures à l’avance vous sera facturée.</p>
<p> </p>
<p> </p>
<p>[/vc_column_text][/vc_column][/vc_row][vc_row][vc_column][vc_single_image image= »271&Prime; img_size= »medium » alignment= »center » style= »vc_box_circle_2&Prime;][vc_custom_heading text= »Psychologue Annecy » font_container= »tag:h1|font_size:12|text_align:center|color:%2348179c » use_theme_fonts= »yes »][/vc_column][/vc_row]</p>

<p>[vc_row][vc_column][vc_column_text] Tarifs et modes de règlement La séance dure 50 minutes et coûte 75€.   [/vc_column_text][/vc_column][/vc_row][vc_row][vc_column][vc_single_image image= »271&Prime; img_size= »medium » alignment= »center » style= »vc_box_circle_2&Prime;][vc_custom_heading text= »Psychologue Annecy » font_container= »tag:h1|font_size:12|text_align:center|color:%2348179c » use_theme_fonts= »yes »][/vc_column][/vc_row]</p>

<!-- This site is optimized with the Yoast SEO plugin v26.8 - https://yoast.com/product/yoast-seo-wordpress/ -->
<title>Tarifs et modes de règlement - Psychologue Annecy</title>
<meta name="robots" content="index, follow, max-snippet:-1, max-image-preview:large, max-video-preview:-1" />
<link rel="canonical" href="https://psyannecy.com/?page_id=47" />
<meta property="og:locale" content="fr_FR" />
<meta property="og:type" content="article" />
<meta property="og:title" content="Tarifs et modes de règlement - Psychologue Annecy" />
<meta property="og:description" content="[vc_row][vc_column][vc_column_text] Tarifs et modes de règlement La séance dure 50 minutes et coûte 75€.   [/vc_column_text][/vc_column][/vc_row][vc_row][vc_column][vc_single_image image= »271&Prime; img_size= »medium » alignment= »center » style= »vc_box_circle_2&Prime;][vc_custom_heading text= »Psychologue Annecy » font_container= »tag:h1|font_size:12|text_align:center|color:%2348179c » use_theme_fonts= »yes »][/vc_column][/vc_row]" />
<meta property="og:url" content="https://psyannecy.com/?page_id=47" />
<meta property="og:site_name" content="Psychologue Annecy" />
<meta property="article:modified_time" content="2026-01-04T08:10:34+00:00" />
<meta name="twitter:card" content="summary_large_image" />
<meta name="twitter:label1" content="Durée de lecture estimée" />
	<meta name="twitter:data1" content="1 minute" />
<script type="application/ld+json" class="yoast-schema-graph">{"@context":"https://schema.org","@graph":[{"@type":"WebPage","@id":"https://psyannecy.com/?page_id=47","url":"https://psyannecy.com/?page_id=47","name":"Tarifs et modes de règlement - Psychologue Annecy","isPartOf":{"@id":"https://psyannecy.com/#website"},"datePublished":"2021-10-26T11:05:14+00:00","dateModified":"2026-01-04T08:10:34+00:00","breadcrumb":{"@id":"https://psyannecy.com/?page_id=47#breadcrumb"},"inLanguage":"fr-FR","potentialAction":[{"@type":"ReadAction","target":["https://psyannecy.com/?page_id=47"]}]},{"@type":"BreadcrumbList","@id":"https://psyannecy.com/?page_id=47#breadcrumb","itemListElement":[{"@type":"ListItem","position":1,"name":"Accueil","item":"https://psyannecy.com/"},{"@type":"ListItem","position":2,"name":"Tarifs et modes de règlement"}]},{"@type":"WebSite","@id":"https://psyannecy.com/#website","url":"https://psyannecy.com/","name":"Psychologue Annecy","description":"","potentialAction":[{"@type":"SearchAction","target":{"@type":"EntryPoint","urlTemplate":"https://psyannecy.com/?s={search_term_string}"},"query-input":{"@type":"PropertyValueSpecification","valueRequired":true,"valueName":"search_term_string"}}],"inLanguage":"fr-FR"}]}</script>
<!-- / Yoast SEO plugin. -->

Tarifs et modes de règlement - Psychologue Annecy

[vc_row][vc_column][vc_column_text] Tarifs et modes de règlement La séance dure 50 minutes et coûte 75€.   [/vc_column_text][/vc_column][/vc_row][vc_row][vc_column][vc_single_image image= »271&Prime; img_size= »medium » alignment= »center » style= »vc_box_circle_2&Prime;][vc_custom_heading text= »Psychologue Annecy » font_container= »tag:h1|font_size:12|text_align:center|color:%2348179c » use_theme_fonts= »yes »][/vc_column][/vc_row]
