{"id":50,"date":"2021-10-26T11:05:29","date_gmt":"2021-10-26T11:05:29","guid":{"rendered":"https:\/\/psyannecy.com\/?page_id=50"},"modified":"2026-02-12T11:29:28","modified_gmt":"2026-02-12T11:29:28","slug":"psychologue-annecy-violaine-de-lacroix-acces","status":"publish","type":"page","link":"https:\/\/psyannecy.com\/?page_id=50","title":{"rendered":"Acc\u00e8s"},"content":{"rendered":"<p>[vc_row][vc_column][vc_single_image image=\u00a0\u00bb233&Prime; img_size=\u00a0\u00bbmedium\u00a0\u00bb alignment=\u00a0\u00bbcenter\u00a0\u00bb style=\u00a0\u00bbvc_box_circle_2&Prime; title=\u00a0\u00bbViolaine de Lacroix Psychologue \u00e0 Annecy \u00ab\u00a0][vc_column_text]Les rendez-vous ont lieu au 5 Bis rue Marc Leroux \u00e0 Annecy. Le b\u00e2timent se trouve au bout de l&rsquo;impasse. Le cabinet est au rez-de-chauss\u00e9e et est <span style=\"color: #48179c;\"><strong>accessible PMR.<\/strong><\/span><\/p>\n<p>Vous pouvez me joindre au <span style=\"color: #48179c;\">06 50 09 10 43.<\/span><\/p>\n<p>[\/vc_column_text][\/vc_column][\/vc_row][vc_row][vc_column][vc_gmaps link=\u00a0\u00bb#E-8_JTNDaWZyYW1lJTIwc3JjJTNEJTIyaHR0cHMlM0ElMkYlMkZ3d3cuZ29vZ2xlLmNvbSUyRm1hcHMlMkZlbWJlZCUzRnBiJTNEJTIxMW0xOCUyMTFtMTIlMjExbTMlMjExZDI3NzUuNzQwODg0ODUxNDU5NyUyMTJkNi4xMjUxOTU2MTUzMjg1NDI1JTIxM2Q0NS45MTY0OTAxNzkxMDg4NyUyMTJtMyUyMTFmMCUyMTJmMCUyMTNmMCUyMTNtMiUyMTFpMTAyNCUyMTJpNzY4JTIxNGYxMy4xJTIxM20zJTIxMW0yJTIxMXMweDQ3OGI4Zjg5NjQ1ZjhjZTMlMjUzQTB4MmIxN2NkZjYwNzdmNDFhNSUyMTJzNSUyNTIwQmlzJTI1MjBSdWUlMjUyME1hcmMlMjUyMExlcm91eCUyNTJDJTI1MjA3NDAwMCUyNTIwQW5uZWN5JTIxNWUwJTIxM20yJTIxMXNmciUyMTJzZnIlMjE0djE2NDA1Mzg4NjcxOTclMjE1bTIlMjExc2ZyJTIxMnNmciUyMiUyMHdpZHRoJTNEJTIyNjAwJTIyJTIwaGVpZ2h0JTNEJTIyNDUwJTIyJTIwc3R5bGUlM0QlMjJib3JkZXIlM0EwJTNCJTIyJTIwYWxsb3dmdWxsc2NyZWVuJTNEJTIyJTIyJTIwbG9hZGluZyUzRCUyMmxhenklMjIlM0UlM0MlMkZpZnJhbWUlM0U=\u00a0\u00bb][\/vc_column][\/vc_row][vc_row][vc_column][vc_custom_heading text=\u00a0\u00bbPsychologue Annecy\u00a0\u00bb font_container=\u00a0\u00bbtag:h1|font_size:12|text_align:center|color:%2348179c\u00a0\u00bb use_theme_fonts=\u00a0\u00bbyes\u00a0\u00bb][\/vc_column][\/vc_row]<\/p>\n","protected":false},"excerpt":{"rendered":"<p>[vc_row][vc_column][vc_single_image image=\u00a0\u00bb233&Prime; img_size=\u00a0\u00bbmedium\u00a0\u00bb alignment=\u00a0\u00bbcenter\u00a0\u00bb style=\u00a0\u00bbvc_box_circle_2&Prime; title=\u00a0\u00bbViolaine de Lacroix Psychologue \u00e0 Annecy \u00ab\u00a0][vc_column_text]Les rendez-vous ont lieu au 5 Bis rue Marc Leroux \u00e0 Annecy. Le b\u00e2timent se trouve au bout de l&rsquo;impasse. Le cabinet est au rez-de-chauss\u00e9e et est accessible PMR. Vous pouvez me joindre au 06 50 09 10 43. [\/vc_column_text][\/vc_column][\/vc_row][vc_row][vc_column][vc_gmaps link=\u00a0\u00bb#E-8_JTNDaWZyYW1lJTIwc3JjJTNEJTIyaHR0cHMlM0ElMkYlMkZ3d3cuZ29vZ2xlLmNvbSUyRm1hcHMlMkZlbWJlZCUzRnBiJTNEJTIxMW0xOCUyMTFtMTIlMjExbTMlMjExZDI3NzUuNzQwODg0ODUxNDU5NyUyMTJkNi4xMjUxOTU2MTUzMjg1NDI1JTIxM2Q0NS45MTY0OTAxNzkxMDg4NyUyMTJtMyUyMTFmMCUyMTJmMCUyMTNmMCUyMTNtMiUyMTFpMTAyNCUyMTJpNzY4JTIxNGYxMy4xJTIxM20zJTIxMW0yJTIxMXMweDQ3OGI4Zjg5NjQ1ZjhjZTMlMjUzQTB4MmIxN2NkZjYwNzdmNDFhNSUyMTJzNSUyNTIwQmlzJTI1MjBSdWUlMjUyME1hcmMlMjUyMExlcm91eCUyNTJDJTI1MjA3NDAwMCUyNTIwQW5uZWN5JTIxNWUwJTIxM20yJTIxMXNmciUyMTJzZnIlMjE0djE2NDA1Mzg4NjcxOTclMjE1bTIlMjExc2ZyJTIxMnNmciUyMiUyMHdpZHRoJTNEJTIyNjAwJTIyJTIwaGVpZ2h0JTNEJTIyNDUwJTIyJTIwc3R5bGUlM0QlMjJib3JkZXIlM0EwJTNCJTIyJTIwYWxsb3dmdWxsc2NyZWVuJTNEJTIyJTIyJTIwbG9hZGluZyUzRCUyMmxhenklMjIlM0UlM0MlMkZpZnJhbWUlM0U=\u00a0\u00bb][\/vc_column][\/vc_row][vc_row][vc_column][vc_custom_heading text=\u00a0\u00bbPsychologue Annecy\u00a0\u00bb font_container=\u00a0\u00bbtag:h1|font_size:12|text_align:center|color:%2348179c\u00a0\u00bb&hellip;&nbsp;<a href=\"https:\/\/psyannecy.com\/?page_id=50\" class=\"\" rel=\"bookmark\">Lire la suite &raquo;<span class=\"screen-reader-text\">Acc\u00e8s<\/span><\/a><\/p>\n","protected":false},"author":1,"featured_media":0,"parent":0,"menu_order":0,"comment_status":"closed","ping_status":"closed","template":"","meta":{"neve_meta_sidebar":"","neve_meta_container":"","neve_meta_enable_content_width":"off","neve_meta_content_width":100,"neve_meta_title_alignment":"","neve_meta_author_avatar":"","neve_post_elements_order":"","neve_meta_disable_header":"","neve_meta_disable_footer":"","neve_meta_disable_title":"on","_ti_tpc_template_sync":false,"_ti_tpc_template_id":"","footnotes":""},"class_list":["post-50","page","type-page","status-publish","hentry"],"yoast_head":"<!-- This site is optimized with the Yoast SEO plugin v26.8 - https:\/\/yoast.com\/product\/yoast-seo-wordpress\/ -->\n<title>Psychologue Annecy - Violaine de Lacroix - Acc\u00e8s<\/title>\n<meta name=\"description\" content=\"5 Bis rue Marc Leroux. Accessible PMR. Psychologue clinicienne et psychoth\u00e9rapeute. LI-ICV. Th\u00e9rapie int\u00e9grative.\" \/>\n<meta name=\"robots\" content=\"index, follow, max-snippet:-1, max-image-preview:large, max-video-preview:-1\" \/>\n<link rel=\"canonical\" href=\"https:\/\/psyannecy.com\/?page_id=50\" \/>\n<meta property=\"og:locale\" content=\"fr_FR\" \/>\n<meta property=\"og:type\" content=\"article\" \/>\n<meta property=\"og:title\" content=\"Psychologue Annecy - Violaine de Lacroix - Acc\u00e8s\" \/>\n<meta property=\"og:description\" content=\"5 Bis rue Marc Leroux. Accessible PMR. Psychologue clinicienne et psychoth\u00e9rapeute. LI-ICV. Th\u00e9rapie int\u00e9grative.\" \/>\n<meta property=\"og:url\" content=\"https:\/\/psyannecy.com\/?page_id=50\" \/>\n<meta property=\"og:site_name\" content=\"Psychologue Annecy\" \/>\n<meta property=\"article:modified_time\" content=\"2026-02-12T11:29:28+00:00\" \/>\n<meta name=\"twitter:card\" content=\"summary_large_image\" \/>\n<meta name=\"twitter:label1\" content=\"Dur\u00e9e de lecture estim\u00e9e\" \/>\n\t<meta name=\"twitter:data1\" content=\"1 minute\" \/>\n<script type=\"application\/ld+json\" class=\"yoast-schema-graph\">{\"@context\":\"https:\/\/schema.org\",\"@graph\":[{\"@type\":\"WebPage\",\"@id\":\"https:\/\/psyannecy.com\/?page_id=50\",\"url\":\"https:\/\/psyannecy.com\/?page_id=50\",\"name\":\"Psychologue Annecy - Violaine de Lacroix - Acc\u00e8s\",\"isPartOf\":{\"@id\":\"https:\/\/psyannecy.com\/#website\"},\"datePublished\":\"2021-10-26T11:05:29+00:00\",\"dateModified\":\"2026-02-12T11:29:28+00:00\",\"description\":\"5 Bis rue Marc Leroux. Accessible PMR. Psychologue clinicienne et psychoth\u00e9rapeute. LI-ICV. Th\u00e9rapie int\u00e9grative.\",\"breadcrumb\":{\"@id\":\"https:\/\/psyannecy.com\/?page_id=50#breadcrumb\"},\"inLanguage\":\"fr-FR\",\"potentialAction\":[{\"@type\":\"ReadAction\",\"target\":[\"https:\/\/psyannecy.com\/?page_id=50\"]}]},{\"@type\":\"BreadcrumbList\",\"@id\":\"https:\/\/psyannecy.com\/?page_id=50#breadcrumb\",\"itemListElement\":[{\"@type\":\"ListItem\",\"position\":1,\"name\":\"Accueil\",\"item\":\"https:\/\/psyannecy.com\/\"},{\"@type\":\"ListItem\",\"position\":2,\"name\":\"Acc\u00e8s\"}]},{\"@type\":\"WebSite\",\"@id\":\"https:\/\/psyannecy.com\/#website\",\"url\":\"https:\/\/psyannecy.com\/\",\"name\":\"Psychologue Annecy\",\"description\":\"\",\"potentialAction\":[{\"@type\":\"SearchAction\",\"target\":{\"@type\":\"EntryPoint\",\"urlTemplate\":\"https:\/\/psyannecy.com\/?s={search_term_string}\"},\"query-input\":{\"@type\":\"PropertyValueSpecification\",\"valueRequired\":true,\"valueName\":\"search_term_string\"}}],\"inLanguage\":\"fr-FR\"}]}<\/script>\n<!-- \/ Yoast SEO plugin. -->","yoast_head_json":{"title":"Psychologue Annecy - Violaine de Lacroix - Acc\u00e8s","description":"5 Bis rue Marc Leroux. Accessible PMR. Psychologue clinicienne et psychoth\u00e9rapeute. LI-ICV. Th\u00e9rapie int\u00e9grative.","robots":{"index":"index","follow":"follow","max-snippet":"max-snippet:-1","max-image-preview":"max-image-preview:large","max-video-preview":"max-video-preview:-1"},"canonical":"https:\/\/psyannecy.com\/?page_id=50","og_locale":"fr_FR","og_type":"article","og_title":"Psychologue Annecy - Violaine de Lacroix - Acc\u00e8s","og_description":"5 Bis rue Marc Leroux. Accessible PMR. Psychologue clinicienne et psychoth\u00e9rapeute. LI-ICV. Th\u00e9rapie int\u00e9grative.","og_url":"https:\/\/psyannecy.com\/?page_id=50","og_site_name":"Psychologue Annecy","article_modified_time":"2026-02-12T11:29:28+00:00","twitter_card":"summary_large_image","twitter_misc":{"Dur\u00e9e de lecture estim\u00e9e":"1 minute"},"schema":{"@context":"https:\/\/schema.org","@graph":[{"@type":"WebPage","@id":"https:\/\/psyannecy.com\/?page_id=50","url":"https:\/\/psyannecy.com\/?page_id=50","name":"Psychologue Annecy - Violaine de Lacroix - Acc\u00e8s","isPartOf":{"@id":"https:\/\/psyannecy.com\/#website"},"datePublished":"2021-10-26T11:05:29+00:00","dateModified":"2026-02-12T11:29:28+00:00","description":"5 Bis rue Marc Leroux. Accessible PMR. Psychologue clinicienne et psychoth\u00e9rapeute. LI-ICV. Th\u00e9rapie int\u00e9grative.","breadcrumb":{"@id":"https:\/\/psyannecy.com\/?page_id=50#breadcrumb"},"inLanguage":"fr-FR","potentialAction":[{"@type":"ReadAction","target":["https:\/\/psyannecy.com\/?page_id=50"]}]},{"@type":"BreadcrumbList","@id":"https:\/\/psyannecy.com\/?page_id=50#breadcrumb","itemListElement":[{"@type":"ListItem","position":1,"name":"Accueil","item":"https:\/\/psyannecy.com\/"},{"@type":"ListItem","position":2,"name":"Acc\u00e8s"}]},{"@type":"WebSite","@id":"https:\/\/psyannecy.com\/#website","url":"https:\/\/psyannecy.com\/","name":"Psychologue Annecy","description":"","potentialAction":[{"@type":"SearchAction","target":{"@type":"EntryPoint","urlTemplate":"https:\/\/psyannecy.com\/?s={search_term_string}"},"query-input":{"@type":"PropertyValueSpecification","valueRequired":true,"valueName":"search_term_string"}}],"inLanguage":"fr-FR"}]}},"_links":{"self":[{"href":"https:\/\/psyannecy.com\/index.php?rest_route=\/wp\/v2\/pages\/50","targetHints":{"allow":["GET"]}}],"collection":[{"href":"https:\/\/psyannecy.com\/index.php?rest_route=\/wp\/v2\/pages"}],"about":[{"href":"https:\/\/psyannecy.com\/index.php?rest_route=\/wp\/v2\/types\/page"}],"author":[{"embeddable":true,"href":"https:\/\/psyannecy.com\/index.php?rest_route=\/wp\/v2\/users\/1"}],"replies":[{"embeddable":true,"href":"https:\/\/psyannecy.com\/index.php?rest_route=%2Fwp%2Fv2%2Fcomments&post=50"}],"version-history":[{"count":27,"href":"https:\/\/psyannecy.com\/index.php?rest_route=\/wp\/v2\/pages\/50\/revisions"}],"predecessor-version":[{"id":333,"href":"https:\/\/psyannecy.com\/index.php?rest_route=\/wp\/v2\/pages\/50\/revisions\/333"}],"wp:attachment":[{"href":"https:\/\/psyannecy.com\/index.php?rest_route=%2Fwp%2Fv2%2Fmedia&parent=50"}],"curies":[{"name":"wp","href":"https:\/\/api.w.org\/{rel}","templated":true}]}}