{"id":82,"date":"2021-10-28T07:26:37","date_gmt":"2021-10-28T07:26:37","guid":{"rendered":"https:\/\/psyannecy.com\/?page_id=82"},"modified":"2026-02-12T11:32:35","modified_gmt":"2026-02-12T11:32:35","slug":"accueil-2","status":"publish","type":"page","link":"https:\/\/psyannecy.com\/","title":{"rendered":"Accueil"},"content":{"rendered":"[vc_row][vc_column][vc_column_text]\r\n<h1><span style=\"color: #d7bfff;\">Psychologue-Psychoth\u00e9rapeute \u00e0 Annecy<\/span><\/h1>\r\nJe re\u00e7ois les<span style=\"color: #48179c;\"><strong>\u00a0adultes<\/strong><\/span> pour des suivis th\u00e9rapeutiques individuels, dans un cadre s\u00e9curis\u00e9 et confidentiel. Pour chacun, j&rsquo;accueille ce qui est pr\u00e9sent par une <span style=\"color: #48179c;\"><strong>\u00e9coute <\/strong><\/span>et une <span style=\"color: #48179c;\"><strong>implication <\/strong><\/span>actives et <span style=\"color: #800080;\"><span style=\"color: #48179c;\"><strong>authentiques<\/strong><\/span>.<\/span> J&rsquo;accompagne \u00e0 la (re)d\u00e9couverte de vos ressources propres pour d\u00e9passer ou vivre avec les tourments qui parfois freinent les \u00e9lans de vies.\r\n\r\nMon travail s&rsquo;inscrit dans une perspective <strong><span style=\"color: #48179c;\">humaniste<\/span><\/strong> et <strong><span style=\"color: #48179c;\">int\u00e9grative<\/span><\/strong> (courant Richard Erskine). Je peux \u00e9galement proposer des temps de <strong><span style=\"color: #48179c;\">visualisation<\/span><\/strong>\/<strong><span style=\"color: #48179c;\">m\u00e9ditation<\/span><\/strong> qui permettent de relier corps et esprit.\r\n\r\nJ&rsquo;adapte mon accompagnement au rythme et aux besoins de chacun.\r\n\r\nPour prendre rendez-vous ou pour tout renseignement compl\u00e9mentaire, vous pouvez me contacter au <span style=\"color: #48179c;\"><strong>06 50 09 10 43.<\/strong><\/span>\r\n\r\n[\/vc_column_text][vc_single_image image=\u00a0\u00bb277&Prime; img_size=\u00a0\u00bbmedium\u00a0\u00bb alignment=\u00a0\u00bbcenter\u00a0\u00bb style=\u00a0\u00bbvc_box_circle_2&Prime;][\/vc_column][\/vc_row][vc_row][vc_column][vc_custom_heading text=\u00a0\u00bbPsychologue Annecy\u00a0\u00bb font_container=\u00a0\u00bbtag:h1|font_size:12|text_align:center|color:%2348179c\u00a0\u00bb use_theme_fonts=\u00a0\u00bbyes\u00a0\u00bb][\/vc_column][\/vc_row]<!-- \/wp:post-content -->","protected":false},"excerpt":{"rendered":"<p>[vc_row][vc_column][vc_column_text] Psychologue-Psychoth\u00e9rapeute \u00e0 Annecy Je re\u00e7ois les\u00a0adultes pour des suivis th\u00e9rapeutiques individuels, dans un cadre s\u00e9curis\u00e9 et confidentiel. Pour chacun, j&rsquo;accueille ce qui est pr\u00e9sent par une \u00e9coute et une implication actives et authentiques. J&rsquo;accompagne \u00e0 la (re)d\u00e9couverte de vos ressources propres pour d\u00e9passer ou vivre avec les tourments qui parfois freinent les \u00e9lans de&hellip;&nbsp;<a href=\"https:\/\/psyannecy.com\/\" class=\"\" rel=\"bookmark\">Lire la suite &raquo;<span class=\"screen-reader-text\">Accueil<\/span><\/a><\/p>\n","protected":false},"author":1,"featured_media":0,"parent":0,"menu_order":0,"comment_status":"closed","ping_status":"closed","template":"","meta":{"neve_meta_sidebar":"","neve_meta_container":"","neve_meta_enable_content_width":"off","neve_meta_content_width":100,"neve_meta_title_alignment":"","neve_meta_author_avatar":"","neve_post_elements_order":"","neve_meta_disable_header":"","neve_meta_disable_footer":"","neve_meta_disable_title":"on","_ti_tpc_template_sync":false,"_ti_tpc_template_id":"","footnotes":""},"class_list":["post-82","page","type-page","status-publish","hentry"],"yoast_head":"<!-- This site is optimized with the Yoast SEO plugin v26.8 - https:\/\/yoast.com\/product\/yoast-seo-wordpress\/ -->\n<title>Accueil - Psychologue Annecy<\/title>\n<meta name=\"description\" content=\"Violaine de Lacroix- Psychologue \u00e0 Annecy- Pour chacun j&#039;accueille ce qui est pr\u00e9sent par une \u00e9coute active et authentique.\" \/>\n<meta name=\"robots\" content=\"index, follow, max-snippet:-1, max-image-preview:large, max-video-preview:-1\" \/>\n<link rel=\"canonical\" href=\"https:\/\/psyannecy.com\/\" \/>\n<meta property=\"og:locale\" content=\"fr_FR\" \/>\n<meta property=\"og:type\" content=\"article\" \/>\n<meta property=\"og:title\" content=\"Accueil - Psychologue Annecy\" \/>\n<meta property=\"og:description\" content=\"Violaine de Lacroix- Psychologue \u00e0 Annecy- Pour chacun j&#039;accueille ce qui est pr\u00e9sent par une \u00e9coute active et authentique.\" \/>\n<meta property=\"og:url\" content=\"https:\/\/psyannecy.com\/\" \/>\n<meta property=\"og:site_name\" content=\"Psychologue Annecy\" \/>\n<meta property=\"article:modified_time\" content=\"2026-02-12T11:32:35+00:00\" \/>\n<meta name=\"twitter:card\" content=\"summary_large_image\" \/>\n<meta name=\"twitter:label1\" content=\"Dur\u00e9e de lecture estim\u00e9e\" \/>\n\t<meta name=\"twitter:data1\" content=\"1 minute\" \/>\n<script type=\"application\/ld+json\" class=\"yoast-schema-graph\">{\"@context\":\"https:\/\/schema.org\",\"@graph\":[{\"@type\":\"WebPage\",\"@id\":\"https:\/\/psyannecy.com\/\",\"url\":\"https:\/\/psyannecy.com\/\",\"name\":\"Accueil - Psychologue Annecy\",\"isPartOf\":{\"@id\":\"https:\/\/psyannecy.com\/#website\"},\"datePublished\":\"2021-10-28T07:26:37+00:00\",\"dateModified\":\"2026-02-12T11:32:35+00:00\",\"description\":\"Violaine de Lacroix- Psychologue \u00e0 Annecy- Pour chacun j'accueille ce qui est pr\u00e9sent par une \u00e9coute active et authentique.\",\"breadcrumb\":{\"@id\":\"https:\/\/psyannecy.com\/#breadcrumb\"},\"inLanguage\":\"fr-FR\",\"potentialAction\":[{\"@type\":\"ReadAction\",\"target\":[\"https:\/\/psyannecy.com\/\"]}]},{\"@type\":\"BreadcrumbList\",\"@id\":\"https:\/\/psyannecy.com\/#breadcrumb\",\"itemListElement\":[{\"@type\":\"ListItem\",\"position\":1,\"name\":\"Accueil\",\"item\":\"https:\/\/psyannecy.com\/\"},{\"@type\":\"ListItem\",\"position\":2,\"name\":\"Accueil\"}]},{\"@type\":\"WebSite\",\"@id\":\"https:\/\/psyannecy.com\/#website\",\"url\":\"https:\/\/psyannecy.com\/\",\"name\":\"Psychologue Annecy\",\"description\":\"\",\"potentialAction\":[{\"@type\":\"SearchAction\",\"target\":{\"@type\":\"EntryPoint\",\"urlTemplate\":\"https:\/\/psyannecy.com\/?s={search_term_string}\"},\"query-input\":{\"@type\":\"PropertyValueSpecification\",\"valueRequired\":true,\"valueName\":\"search_term_string\"}}],\"inLanguage\":\"fr-FR\"}]}<\/script>\n<!-- \/ Yoast SEO plugin. -->","yoast_head_json":{"title":"Accueil - Psychologue Annecy","description":"Violaine de Lacroix- Psychologue \u00e0 Annecy- Pour chacun j'accueille ce qui est pr\u00e9sent par une \u00e9coute active et authentique.","robots":{"index":"index","follow":"follow","max-snippet":"max-snippet:-1","max-image-preview":"max-image-preview:large","max-video-preview":"max-video-preview:-1"},"canonical":"https:\/\/psyannecy.com\/","og_locale":"fr_FR","og_type":"article","og_title":"Accueil - Psychologue Annecy","og_description":"Violaine de Lacroix- Psychologue \u00e0 Annecy- Pour chacun j'accueille ce qui est pr\u00e9sent par une \u00e9coute active et authentique.","og_url":"https:\/\/psyannecy.com\/","og_site_name":"Psychologue Annecy","article_modified_time":"2026-02-12T11:32:35+00:00","twitter_card":"summary_large_image","twitter_misc":{"Dur\u00e9e de lecture estim\u00e9e":"1 minute"},"schema":{"@context":"https:\/\/schema.org","@graph":[{"@type":"WebPage","@id":"https:\/\/psyannecy.com\/","url":"https:\/\/psyannecy.com\/","name":"Accueil - Psychologue Annecy","isPartOf":{"@id":"https:\/\/psyannecy.com\/#website"},"datePublished":"2021-10-28T07:26:37+00:00","dateModified":"2026-02-12T11:32:35+00:00","description":"Violaine de Lacroix- Psychologue \u00e0 Annecy- Pour chacun j'accueille ce qui est pr\u00e9sent par une \u00e9coute active et authentique.","breadcrumb":{"@id":"https:\/\/psyannecy.com\/#breadcrumb"},"inLanguage":"fr-FR","potentialAction":[{"@type":"ReadAction","target":["https:\/\/psyannecy.com\/"]}]},{"@type":"BreadcrumbList","@id":"https:\/\/psyannecy.com\/#breadcrumb","itemListElement":[{"@type":"ListItem","position":1,"name":"Accueil","item":"https:\/\/psyannecy.com\/"},{"@type":"ListItem","position":2,"name":"Accueil"}]},{"@type":"WebSite","@id":"https:\/\/psyannecy.com\/#website","url":"https:\/\/psyannecy.com\/","name":"Psychologue Annecy","description":"","potentialAction":[{"@type":"SearchAction","target":{"@type":"EntryPoint","urlTemplate":"https:\/\/psyannecy.com\/?s={search_term_string}"},"query-input":{"@type":"PropertyValueSpecification","valueRequired":true,"valueName":"search_term_string"}}],"inLanguage":"fr-FR"}]}},"_links":{"self":[{"href":"https:\/\/psyannecy.com\/index.php?rest_route=\/wp\/v2\/pages\/82","targetHints":{"allow":["GET"]}}],"collection":[{"href":"https:\/\/psyannecy.com\/index.php?rest_route=\/wp\/v2\/pages"}],"about":[{"href":"https:\/\/psyannecy.com\/index.php?rest_route=\/wp\/v2\/types\/page"}],"author":[{"embeddable":true,"href":"https:\/\/psyannecy.com\/index.php?rest_route=\/wp\/v2\/users\/1"}],"replies":[{"embeddable":true,"href":"https:\/\/psyannecy.com\/index.php?rest_route=%2Fwp%2Fv2%2Fcomments&post=82"}],"version-history":[{"count":28,"href":"https:\/\/psyannecy.com\/index.php?rest_route=\/wp\/v2\/pages\/82\/revisions"}],"predecessor-version":[{"id":331,"href":"https:\/\/psyannecy.com\/index.php?rest_route=\/wp\/v2\/pages\/82\/revisions\/331"}],"wp:attachment":[{"href":"https:\/\/psyannecy.com\/index.php?rest_route=%2Fwp%2Fv2%2Fmedia&parent=82"}],"curies":[{"name":"wp","href":"https:\/\/api.w.org\/{rel}","templated":true}]}}